2, 17
Suppose 20368 = 8*i + 6944. List the prime factors of i.
2, 839
Suppose 17*t = 20*t + 690. Let a = 561 + t. What are the prime factors of a?
331
Suppose a + 9*l - 1116 = 7*l, l + 5613 = 5*a. What are the prime factors of a?
2, 3, 11, 17
Let o be (-6)/10 + 144/15. Let r = 50 - o. List the prime factors of r.
41
Let j = -146 - -216. Suppose 3*c + j - 166 = 0. List the prime factors of c.
2
Let h(g) = g**2 - g + 4. Let c be (-225)/(-63) - (-3)/7. Suppose -4*y = 16 - c. List the prime factors of h(y).
2
Let f = -29 + -95. Let d = f + 197. List the prime factors of d.
73
Let x = 46 - 42. Suppose -t + 5*p = -41 - 2, -x*t = p - 130. What are the prime factors of t?
3, 11
Let y = -9 + 360. What are the prime factors of y?
3, 13
Suppose 35*q + 426 = 37*q. What are the prime factors of q?
3, 71
Let q = -69 + 145. Suppose -q*t - 288 = -79*t. What are the prime factors of t?
2, 3
Let n(i) = 3*i**2 + i + 10. What are the prime factors of n(-5)?
2, 5
Suppose 19*d = 16*d - 54. What are the prime factors of (-22)/8*d*(5 - -1)?
3, 11
Let k(z) = 1 - 3*z**2 + 12*z - z + 0*z**2. Let a be k(9). Let p = -72 - a. What are the prime factors of p?
71
Suppose 8890 = 217*v - 207*v. List the prime factors of v.
7, 127
Let v = -16 + 26. Let t be 125/v*4/5. Suppose -2*r + 42 = t. What are the prime factors of r?
2
Suppose 3287 = 8*r - 4105. List the prime factors of r.
2, 3, 7, 11
Let a = -26 + 69. Suppose 2*k - 37 = 2*x + a, 0 = -k + 4*x + 25. List the prime factors of (k/(-6) - -3)*-8.
2, 3
Let u(d) = 2*d**2. Let j(w) = w**2. Let k(t) = 7*j(t) - 4*u(t). Let n be k(0). Suppose m + 4*b - 43 = n, 4*b + 81 = m + 2*m. What are the prime factors of m?
31
Suppose -12*h = -8*h + 252. Let j = h - -115. List the prime factors of j.
2, 13
Let f(g) = g**2 - 14*g + 6. Let p be f(14). Let v = p + -3. Suppose v*j = -2*j + 15. What are the prime factors of j?
3
Let o(n) = n**3 - n**2 + n + 3. Let y be o(0). Suppose 4*d - 5*t = 486, 0 = -y*t - 6. What are the prime factors of d?
7, 17
Let u = 20 + -14. List the prime factors of 1*19*(-5 + u).
19
Let f = -361 + 547. What are the prime factors of f?
2, 3, 31
Let y = -40 - -62. Let t(p) = 9*p - 68. List the prime factors of t(y).
2, 5, 13
Let y be 15*(-4 - 13/(-3)). Suppose y*a = 10*a. Suppose -z - 18 + 78 = a. What are the prime factors of z?
2, 3, 5
Suppose -b - 3*x = 8, 4*b = 3*b + 3*x + 16. Let k(g) = g + 10. Let y be k(-7). Suppose 157 = 4*s + 3*o, y*o = 3*s + b*o - 114. What are the prime factors of s?
37
Let q(r) = r**3 + 21*r**2 + 42*r - 22. Let f be q(-18). Suppose w - 582 = -15*n + 12*n, -n + f = -w. List the prime factors of n.
2, 97
Suppose -2*v - 2*n - 119 = 3*n, 2*v - 5*n + 109 = 0. Let b = v + 145. List the prime factors of b.
2, 11
Suppose -2*b - 393 = 5*k, 0*k - 4*b + 292 = -4*k. What are the prime factors of 1 - (13365/k - 6/14)?
5, 7
Let o(b) = -b**3 - 9*b**2 + 10*b + 6. Let g be o(-10). Suppose -g*t + 14*t - 1224 = 0. What are the prime factors of t?
3, 17
Suppose -302 = -4*j - n, 2*n + 232 = -0*j + 3*j. Let q = j + 14. What are the prime factors of q?
2, 3, 5
Let t(l) = 20*l**2 + 29*l + 144. What are the prime factors of t(-8)?
2, 149
Let y = -1164 - -1916. What are the prime factors of y?
2, 47
List the prime factors of -4*(0 - (-2245)/(-10)).
2, 449
Suppose 0 = -4*l + 4 + 12. Let a be 2 + (0 - 1)*-143. Suppose l*v + v = a. What are the prime factors of v?
29
Let d(j) = 21*j + 67. List the prime factors of d(5).
2, 43
Suppose 8*q + 2*q = 1160. What are the prime factors of q?
2, 29
List the prime factors of 423 + (-7 - (-66)/6).
7, 61
Let d(l) = 2*l**2 + 22*l + 4. Let a be d(-12). Let b = 77 + a. What are the prime factors of b?
3, 5, 7
Let f(o) = 15*o**2 - 9*o + 17. What are the prime factors of f(7)?
13, 53
List the prime factors of (-43)/(3784/(-80304)) + (-12)/22.
2, 3, 19
Let x = -5 + 9. Suppose -f - 4*f = 3*w - 32, -x*w = 2*f - 24. Suppose -2*o - w = -20. List the prime factors of o.
2
Suppose z - m - 8 = 0, -3*m - 6 + 21 = 0. Suppose -3*b = -z - 2. Suppose -2*g + b*g - 69 = 0. What are the prime factors of g?
23
Suppose 3*c + 43560 = 36*c. What are the prime factors of c?
2, 3, 5, 11
Let w(h) be the second derivative of h**7/840 + 7*h**6/720 + h**5/30 - h**4/2 - 6*h. Let q(g) be the third derivative of w(g). List the prime factors of q(-4).
2, 3
Let f(q) = 154*q - 342. What are the prime factors of f(3)?
2, 3, 5
Suppose -j + 3*j = -20. Let z(d) = -d - 16. Let r be z(j). List the prime factors of (250/(-15))/(4/r).
5
Let h(x) = 11*x**3 + 11*x**2 + 2*x - 13. What are the prime factors of h(7)?
19, 227
Let r = 78 - 76. List the prime factors of r/(-4) - (1485/(-10) + -4).
2, 19
Let n(p) be the third derivative of -p**6/120 + 2*p**5/15 + p**4/24 - 6*p**2. Let a be n(8). What are the prime factors of a/12*6 - -34?
2, 19
Suppose 10 = -3*o - 4*h, -4*o + 2*h + 16 = -0*o. Suppose 65 = 4*j + 5*v, 0*j + 2*j - 10 = o*v. Let x = j + 13. List the prime factors of x.
23
What are the prime factors of 80*2*69/12?
2, 5, 23
Let w be 528*5/(-60)*-6. Suppose 2*n - w = -0*x - x, -x + 398 = 3*n. What are the prime factors of n?
2, 67
Let p = -887 + 1434. List the prime factors of p.
547
Suppose 0 = -5*d + 3*p - 1052 + 6891, 2*d - 4*p = 2330. What are the prime factors of 4/(-6) + d/21?
5, 11
Let p(w) = 16*w - 33. Let a be p(3). Suppose 2*h - g = g + 522, a = -3*g. List the prime factors of h.
2
Suppose 76 + 446 = 3*r - 2*j, 3*j = -r + 163. List the prime factors of r.
2, 43
Let t(y) be the third derivative of 0 + 7*y**2 - 1/24*y**6 + 0*y - 1/12*y**4 + 1/6*y**3 - 1/30*y**5. List the prime factors of t(-2).
37
Suppose -83*f + 74*f + 7434 = 0. List the prime factors of f.
2, 7, 59
Suppose -20 = -3*s - 2*a, -s = 2*a + 6 - 18. Suppose 0 = 4*x - 4, -75 + 10 = -s*b - x. List the prime factors of (-4)/(-6) - b/(-3).
2, 3
Suppose -4*m + 24 = 2*y, 2*y + 4*m - 14 = 5*m. Let t = 13 - y. Suppose 0 = -q + 1 + t. What are the prime factors of q?
2, 3
Let m(p) = -p**2 + 5*p + 4. Let b be m(5). Suppose -v = -b*v + 15. Suppose -v*t + 89 = -136. What are the prime factors of t?
3, 5
Let y(v) = 321*v - 9. List the prime factors of y(3).
2, 3, 53
Let j = 7 + -7. Suppose -c - 3*c + 12 = j. Suppose 3*r - 46 = -2*r + h, 5*r = c*h + 48. List the prime factors of r.
3
List the prime factors of (-85728)/(-20) + 8/(-20).
2, 2143
Let c(l) = -58*l - 17*l - 31*l + 6*l. List the prime factors of c(-1).
2, 5
Let l be 17 + -13 + -1 + 35. Let b = 61 - l. List the prime factors of b.
23
Suppose -2*b + 2*t - t + 444 = 0, 644 = 3*b + 4*t. What are the prime factors of b?
2, 5, 11
Suppose 3*c - 5058 = -2*g, -223 = -c - g + 1464. List the prime factors of c.
2, 421
Let b(k) = k**3 + 15*k**2 - 17*k - 8. What are the prime factors of b(-12)?
2, 157
Suppose 4*j - 125 = -5*t + 96, 4*j = -t + 57. Suppose 2*v + 4*z - t = -v, 4*z = 5*v - 47. What are the prime factors of v?
11
List the prime factors of (8 - (-62)/(-8))*13372.
3343
Let t = -21 + 20. What are the prime factors of 1 + t + 4 - -18?
2, 11
Suppose -2*z - 9 - 1 = 0, z + 1074 = a. What are the prime factors of a?
1069
Suppose -55 = 5*y - 300. Let m = 79 + y. What are the prime factors of m?
2
List the prime factors of (-6)/5 + 236633/415.
569
Suppose -6483 = -23*s + 30156. List the prime factors of s.
3, 59
Let z(j) = 2*j + 8. Let m(y) = y + 8. Let k(p) = 3*m(p) - 2*z(p). List the prime factors of k(-6).
2, 7
Let t(i) = i**2 + 4*i - 23. Let m = -31 - -15. What are the prime factors of t(m)?
13
Let y = 183 + -71. Let d = -74 + y. Suppose 4*w - 142 = -d. What are the prime factors of w?
2, 13
Let w = -13 + 18. Let z(o) = -o**3 + 6*o**2 - 4*o - 4. Let l be z(w). Let u(m) = 3*m**2 - m + 1. List the prime factors of u(l).
3
Let x(d) = 48*d - 37. List the prime factors of x(13).
587
Let d be ((-1)/(4/27))/(6/80). Let m = d - -211. What are the prime factors of m?
11
Suppose -4*s + 302 = 3*l + 1274, -492 = 2*s + 3*l. What are the prime factors of ((-18)/(-36))/((-2)/s)?
2, 3, 5
Suppose -163*p - 49266 = -181*p. List the prime factors of p.
7, 17, 23
Let p(w) = w**3 + 13*w**2 - 15*w - 6. Let o(t) = -t**3 + 8*t**2 + 18*t + 6. Let z be o(10). What are the prime factors of p(z)?
2
Let t be 2*(-15)/12*(-6 + 4). Suppose 2*w - 73 = -t*d, 0 = d + 1 + 2. List the prime factors of w.
2, 11
Let r(p) be the second derivative of 8*